nd 30?
30
Let f(p) = 7*p**3 - p**2 + p. Let s be f(1). Suppose s*v - 57 = 4*v. Let x = 29 - v. What is the highest common divisor of x and 30?
10
Let v = -19 + 33. What is the highest common factor of v and 154?
14
Suppose -5*q + 85 = -5. Suppose 4*t + 0*t + 68 = -5*k, -28 = 3*k - 4*t. Let c = 24 + k. What is the highest common divisor of c and q?
6
Let m = -17 - -112. Calculate the highest common factor of 38 and m.
19
Let h(j) = -j**2 - 15*j - 5. Let f be h(-13). Suppose c - 3*w + 0*w - 48 = 0, 4*w = 5*c - 218. Calculate the highest common divisor of f and c.
21
Let x be ((-30)/(-25))/((-2)/(-10)). What is the highest common divisor of 3 and x?
3
Let y(c) = 6*c**2 - 2*c - 8. Let n be y(6). Suppose 0 = -2*o - 0*o + n. Suppose 22 = 2*f - o. Calculate the highest common divisor of f and 15.
15
Suppose 0*d = 2*d - 4*h - 30, -5*h - 70 = -5*d. Let l = d + 64. What is the greatest common factor of l and 7?
7
Let b be (42/4 + -3)/((-3)/(-4)). Calculate the highest common factor of b and 70.
10
Let b be 2/(-12) - 1230/(-36). What is the highest common divisor of 51 and b?
17
Let v = -17 - -20. What is the highest common divisor of v and 21?
3
Suppose 0*d = -5*d + 100. What is the greatest common divisor of d and 10?
10
Let r(p) = -p**3 + 9*p**2 - 7*p - 4. Let w be r(8). Let o be (w*-2)/(10/(-125)). Calculate the highest common divisor of o and 20.
20
Let s = 34 - 20. Let m be (-4)/(-6) + 20/(-30). Suppose m*i - 21 = -3*i. What is the highest common divisor of s and i?
7
Let g be 8/(-28) - 2622/(-14). Let h = 8 + -3. Suppose -4*m - b = -66, h*b = -m - m + 24. Calculate the greatest common divisor of g and m.
17
Let b be (18/(-36))/((-1)/26). Calculate the highest common factor of 117 and b.
13
Let o(n) = n**3 - 6*n**2 + 3*n - 17. Let r be o(6). Calculate the greatest common divisor of r and 8.
1
Let n(p) = -12*p**3 + 2*p + 2. Let b be n(-1). What is the highest common factor of b and 36?
12
Let k be (-4)/6 + 5/3. Let v = -116 - -171. Suppose -a = 4*a - v. What is the greatest common divisor of a and k?
1
Suppose 2*k = 3*o + 32, -5*o = 2*k + 2*k - 20. What is the greatest common divisor of k and 15?
5
Suppose -3*z = 3*i + 2*i - 555, -2*i + 226 = 2*z. Let d(n) = n**3 + n**2. Let y be d(2). What is the greatest common divisor of i and y?
12
Suppose 3*d + 2*a = d + 38, 3*d - 52 = 2*a. What is the highest common divisor of d and 30?
6
Let w be 23 + (-5)/((-5)/2). Let b = 882 - 607. What is the highest common divisor of w and b?
25
Suppose -5*s = -4*g + 228, 8*s + 120 = 2*g + 4*s. What is the greatest common factor of 26 and g?
26
Let d be (-1)/(-2) - (-3)/(-6). Let f be 5/((-5)/(-12)) + d. Let w be (-6)/(-4) + 2 + (-1)/2. Calculate the highest common divisor of w and f.
3
Let j = -20 - -89. Suppose -j - 61 = -5*s. Calculate the greatest common factor of 182 and s.
26
Let w = -28 - -17. Let m be 5296/88 + 2/w. What is the highest common factor of m and 12?
12
Let c be 4/2 - -34 - 0. Let r = -170 + 194. Calculate the highest common factor of c and r.
12
Let l(p) = -4*p**2 + 7*p - 12. Let n(x) = x**2 - x + 1. Let h(q) = l(q) + 6*n(q). Let v be h(-3). Calculate the highest common divisor of v and 81.
9
Let b be ((-2)/3)/((-6)/(-9)). Let h be 5 - (b - (-2 + -1)). Let g be 0 - (-2 + (-3)/h). Calculate the highest common divisor of g and 1.
1
Let n be 2/4*2*4. Suppose 2*x + 3*x = n*a + 134, -2*a = -x + 22. Calculate the greatest common divisor of x and 20.
10
Let m be 16/(-6)*(-16 - -1). Let b be m/3*(-2 + 5). Suppose 0*h = 3*h - 15. Calculate the highest common factor of b and h.
5
Let l be (-2)/(-8) + (-897)/(-12). Suppose -q + 22 = 2*v, 4*q - v - 124 = -0*v. Calculate the highest common factor of q and l.
15
Let f(y) = -y**3 + 12*y**2 - 13*y + 26. Let s be f(11). Calculate the greatest common divisor of 20 and s.
4
Let n(v) = -v**3 + 9*v**2 - 4*v - 3. Let q be n(4). Suppose 0 = -5*o + q - 1. Calculate the greatest common divisor of 108 and o.
12
Let p(m) = -m**2 - 9*m - 16. Let d be p(-5). What is the greatest common divisor of d and 16?
4
Suppose -132 = -3*t + 5*l + 118, 326 = 4*t - 3*l. Calculate the greatest common factor of t and 10.
10
Suppose 0 = -w - 3 + 7, 0 = -z + 5*w - 19. Let r = z + 20. Let k be -4*1/(16/(-28)). Calculate the highest common factor of k and r.
7
Let x(r) = 2*r**2 + 8*r + 2. Let l be x(-4). Let f(y) = 3*y**2 - 3*y + 5. Let k be f(l). What is the highest common factor of 11 and k?
11
Suppose d - 4*b = 6*d - 45, 2*d = 2*b. Suppose -4*x = -f + 64, -5*f + d*x + 191 = -69. What is the greatest common factor of 24 and f?
24
Let y be (-10)/4 + 2/4. Let i(k) = k**2 + k - 2. Let u be i(y). Let v be (u + 1)/((-3)/(-6)). Calculate the greatest common divisor of 1 and v.
1
Suppose 398 = 4*a + 30. Suppose c - a = -5*h + 2*c, -5*h = -3*c - 96. Calculate the greatest common factor of 90 and h.
18
Let w be (-4)/14 - 116/(-14). Let k = 57 + -33. What is the highest common factor of k and w?
8
Let o be (-1)/1*(-1 + -4). Suppose -3*c - 12 = -o*c. Calculate the greatest common factor of c and 6.
6
Let p(u) = -5*u + 1. Let d be p(-1). Suppose -f + 3 = 3*w, -38 = -5*f + 4*w - 118. Let r be (81/f)/(d/(-16)). Calculate the greatest common divisor of r and 6.
6
Suppose -5*g - 4*j - 2545 = -101, -1988 = 4*g - 5*j. Let h = -149 - g. Suppose 3*f - h = -7. What is the greatest common divisor of 16 and f?
16
Let d = 15 - 11. Suppose 5*q = 48 + 32. Calculate the greatest common factor of q and d.
4
Let o(q) = 10*q - 4. Let n be o(2). Let z be ((-1)/2)/((-4)/1024). What is the highest common factor of n and z?
16
Let t be (-122)/(-8) + 1 - 21/84. Suppose -2*l = 2*l - 96. Calculate the highest common factor of l and t.
8
Let i(o) = -1 + 22*o - 5*o + 9*o. Let d be i(3). Calculate the highest common divisor of 7 and d.
7
Let k = 0 + 5. Suppose -4 - 2 = -2*h. Suppose k*x - 34 = h*x. Calculate the greatest common divisor of 85 and x.
17
Let l = -20 + 47. What is the greatest common divisor of l and 3?
3
Let s(d) = d**2 + 5*d + 5. Let k be s(-5). Let j = k + -3. Suppose j*h - 280 = -2*h. What is the greatest common factor of h and 10?
10
Let a = 0 + 25. What is the highest common factor of a and 50?
25
Let n = -96 + 159. What is the greatest common divisor of 9 and n?
9
Let w be (3 - -2)*(-16 + 3)*-1. What is the highest common factor of 39 and w?
13
Let g(x) = x**2 + x - 26. Let n be g(-6). What is the greatest common factor of n and 3?
1
Let k be (-831)/(-7) + (-6)/(-21). Suppose -5*g + k = -4*g. Calculate the greatest common factor of 17 and g.
17
Let t be (-7 - 1 - -2) + 0. Let h be 20/(-4)*t/5. Suppose j = h + 27. Calculate the greatest common factor of 11 and j.
11
Let g be -1*(-27 - 3) + -3. Suppose p = -0*p + 2*m - 3, -3*m + 9 = 0. What is the greatest common divisor of g and p?
3
Let k(a) = a**2 - 34*a + 44. Let f be k(33). Suppose 2*s + 2 = -2. Let h be 0/(s + 1) - -55. What is the greatest common factor of f and h?
11
Suppose 106 - 526 = -5*v. Let q = 52 + -40. Calculate the highest common factor of q and v.
12
Suppose 0 = -2*p - 0*p + 26. Let c(d) = -9*d - 1. Let h be c(-3). What is the highest common divisor of p and h?
13
Let f = 71 + -43. Suppose -i + f = -4. What is the greatest common factor of i and 80?
16
Let m(x) = -x**2 + 7*x + 1. Let h be m(10). Suppose r - 2*r = 1. Let k be (h/r - 1) + 0. Calculate the highest common factor of k and 4.
4
Let x(q) = q**3 + q + 4. Let l be x(0). Suppose -3*j + 59 = j + a, -5*a + 55 = l*j. What is the highest common factor of 135 and j?
15
Let t = 9 - 0. What is the highest common divisor of t and 9?
9
Let b be -3 - 0 - 120/(-4) - 1. Let h(j) = -28*j - 5. Let w be h(-6). Suppose -7 + w = 4*p. Calculate the greatest common factor of p and b.
13
Let a(p) = -p**3 - 6*p**2 - 8*p - 8. Let t be a(-6). Let b = t + -20. Let u be (4 + -7)/((-2)/b). What is the highest common divisor of u and 6?
6
Let f(n) = -n**3 - 12*n**2 + 11*n + 10. Let j = -5 - 8. Let m be f(j). What is the highest common factor of m and 90?
18
Let w = 20 + 0. What is the greatest common divisor of w and 4?
4
Let h be (105 + 6 - 0) + (7 - 3). Let p(k) = 9*k + 1. Let b be p(5). What is the highest common divisor of h and b?
23
Let y(i) = -15*i - 2. Let a(q) = 44*q + 6. Let o(v) = -6*a(v) - 17*y(v). Let j be o(-8). Calculate the greatest common factor o